{"id":11909,"date":"2024-01-01T05:01:42","date_gmt":"2024-01-01T04:01:42","guid":{"rendered":"https:\/\/www.wdshop.eu\/?post_type=product&#038;p=11909"},"modified":"2025-01-18T17:09:01","modified_gmt":"2025-01-18T16:09:01","slug":"coins_set_at_2019","status":"publish","type":"product","link":"https:\/\/www.wdshop.eu\/index.php\/produkt\/coins_set_at_2019\/","title":{"rendered":"<span style=\"color: #808080;\"><small>Rak\u00fasko\/Austria <\/small><\/span><br\/><b>RO\u010cN\u00cdKOV\u00c1 SADA\/YEAR SET<\/b> \u2013 <strong style=\"color: #ff0000;\">UNC<\/strong> [2019]"},"content":{"rendered":"<p style=\"text-align: left;\"><strong>SADA\/SET \u2013 <span style=\"color: #ff0000;\">UNC<\/span> | Rak\u00fasko\/Austria 2019<\/strong><\/p>\n<p><strong>Kvalita UNC<\/strong><br \/>\nN\u00e1zov kvality poch\u00e1dza z anglick\u00e9ho slova <i><b>\u201euncirculated\u201c<\/b><\/i>, \u010do znamen\u00e1 <b>neobehov\u00fd<\/b>. UNC kvalita euro minc\u00ed je najroz\u0161\u00edrenej\u0161ou kvalitou minc\u00ed. Tak\u00e1to minca sa raz\u00ed vo ve\u013ek\u00fdch mno\u017estv\u00e1ch a od obehovej kvality sa l\u00ed\u0161i len t\u00fdm, \u017ee sa do obehu nikdy nedostala a poch\u00e1dza priamo z banky. Jej hodnota je pochopite\u013ene vy\u0161\u0161ia ako je hodnota obehovej mince. S takouto mincou je potrebn\u00e9 spr\u00e1vne manipulova\u0165. V opa\u010dnom pr\u00edpade s nanesen\u00edm prachu \u010di mastnoty zost\u00e1vaj\u00fa na minci vidite\u013en\u00e9 odtla\u010dky, \u010d\u00edm sa u\u017e pova\u017euje za obehov\u00fa kvalitu. Pri manipul\u00e1ci\u00ed je vhodn\u00e9 pou\u017e\u00edva\u0165 bavlnen\u00e9 rukavice, pinzetu a mince ma\u0165 ulo\u017een\u00e9 v kvalitnom albume ur\u010denom na dan\u00fd \u00fa\u010del.<\/p>\n<p><span style=\"color: #999999;\"><strong>Quality UNC<\/strong><\/span><br \/>\n<span style=\"color: #999999;\">The name of the quality comes from the english word <em><strong>\u201euncirculated\u201c<\/strong><\/em>, which means <strong>non-circulating<\/strong>. UNC quality euro coins are the most common quality coins. Such a coin is minted in large quantities and differs from the circulation quality only in that it has never entered circulation and comes directly from the bank. Its value is, of course, higher than the value of the circulation coin. Such a coin must be handled correctly. Otherwise, with the application of dust or grease, imprints remain visible on the coin, which is already considered a circulatory quality. When handling, it is advisable to use cotton gloves, tweezers and coins stored in a quality album designed for the purpose.<\/span><\/p>\n<p style=\"text-align: center;\"><span style=\"color: #999999;\"><strong><span style=\"color: #ff0000;\">Obr\u00e1zok je ilustra\u010dn\u00fd.<\/span><br \/>\nThe image is illustrative.<\/strong><\/span><\/p>\n","protected":false},"excerpt":{"rendered":"<p>SADA\/SET \u2013 UNC | Rak\u00fasko\/Austria 2019 Kvalita UNC N\u00e1zov kvality poch\u00e1dza z anglick\u00e9ho slova \u201euncirculated\u201c, \u010do znamen\u00e1 neobehov\u00fd. UNC kvalita euro minc\u00ed je najroz\u0161\u00edrenej\u0161ou kvalitou minc\u00ed. Tak\u00e1to minca sa raz\u00ed vo ve\u013ek\u00fdch mno\u017estv\u00e1ch a od obehovej kvality sa l\u00ed\u0161i len t\u00fdm, \u017ee sa do obehu nikdy nedostala a poch\u00e1dza priamo z banky. Jej hodnota je [&hellip;]<\/p>\n","protected":false},"featured_media":12167,"template":"","meta":{"_monsterinsights_skip_tracking":false,"_monsterinsights_sitenote_active":false,"_monsterinsights_sitenote_note":"","_monsterinsights_sitenote_category":0},"product_brand":[],"product_cat":[47],"product_tag":[98],"class_list":{"0":"post-11909","1":"product","2":"type-product","3":"status-publish","4":"has-post-thumbnail","6":"product_cat-coins","7":"product_tag-98","9":"first","10":"instock","11":"shipping-taxable","12":"purchasable","13":"product-type-simple"},"_links":{"self":[{"href":"https:\/\/www.wdshop.eu\/index.php\/wp-json\/wp\/v2\/product\/11909","targetHints":{"allow":["GET"]}}],"collection":[{"href":"https:\/\/www.wdshop.eu\/index.php\/wp-json\/wp\/v2\/product"}],"about":[{"href":"https:\/\/www.wdshop.eu\/index.php\/wp-json\/wp\/v2\/types\/product"}],"wp:featuredmedia":[{"embeddable":true,"href":"https:\/\/www.wdshop.eu\/index.php\/wp-json\/wp\/v2\/media\/12167"}],"wp:attachment":[{"href":"https:\/\/www.wdshop.eu\/index.php\/wp-json\/wp\/v2\/media?parent=11909"}],"wp:term":[{"taxonomy":"product_brand","embeddable":true,"href":"https:\/\/www.wdshop.eu\/index.php\/wp-json\/wp\/v2\/product_brand?post=11909"},{"taxonomy":"product_cat","embeddable":true,"href":"https:\/\/www.wdshop.eu\/index.php\/wp-json\/wp\/v2\/product_cat?post=11909"},{"taxonomy":"product_tag","embeddable":true,"href":"https:\/\/www.wdshop.eu\/index.php\/wp-json\/wp\/v2\/product_tag?post=11909"}],"curies":[{"name":"wp","href":"https:\/\/api.w.org\/{rel}","templated":true}]}}