{"id":13330,"date":"2024-10-01T05:02:49","date_gmt":"2024-10-01T03:02:49","guid":{"rendered":"https:\/\/www.wdshop.eu\/?post_type=product&#038;p=13330"},"modified":"2026-03-13T22:34:54","modified_gmt":"2026-03-13T21:34:54","slug":"wdo008","status":"publish","type":"product","link":"https:\/\/www.wdshop.eu\/index.php\/produkt\/wdo008\/","title":{"rendered":"<span style=\"color: #808080;\"><small>Slovensko\/Slovakia <\/small><\/span><br\/>   <strong>HLUCH\u00c1\u0147 H\u00d4RNY <\/strong>[2024] <br\/>  <span style=\"color: #808080;\"><small><i>Num. ob\u00e1lka\/Num. envelope<\/i><\/small><\/span> \u2013  <strong style=\"color: #ff0000;\">300 ks\/pcs<\/strong><hr>"},"content":{"rendered":"<p>\ud83c\uddf8\ud83c\uddf0 <strong>FAUNA A FL\u00d3RA SLOVENSKA \u2013 HLUCH\u00c1\u0147 H\u00d4RNY<\/strong> | UNC kvalita<br \/>\n<span style=\"color: #999999;\">\ud83c\uddec\ud83c\udde7 <strong>FAUNA AND FLORA OF SLOVAKIA \u2013 WESTERN CAPERCAILLIE<\/strong> | UNC quality<\/span><br \/>\n\ud83d\udccd Slovensko\/<span style=\"color: #999999;\">Slovakia<\/span> | 2024 | <a href=\"https:\/\/www.wdoriginal.com\/fauna-flora\" target=\"_blank\" rel=\"noopener\"><strong>www.wdoriginal.com<\/strong><\/a><\/p>\n<p>\ud83c\uddf8\ud83c\uddf0\ud83d\udc26 <strong>Ofici\u00e1lna numizmatick\u00e1 ob\u00e1lka<\/strong> z ed\u00edcie FAUNA A FL\u00d3RA SLOVENSKA s\u202fmot\u00edvom hluch\u00e1\u0148a h\u00f4rneho (Tetrao urogallus) \u2013 jedn\u00e9ho z najvz\u00e1cnej\u0161\u00edch a najv\u00e4\u010d\u0161\u00edch druhov lesnej hrabavej zveri v Eur\u00f3pe. Kombinuje pam\u00e4tn\u00fa mincu s nomin\u00e1lnou hodnotou 5\u202f\u20ac, po\u0161tov\u00fa zn\u00e1mku v hodnote 1,70 \u20ac.<\/p>\n<p><span style=\"color: #999999;\">\ud83c\uddec\ud83c\udde7\ud83d\udc26 <strong>Official numismatic envelope<\/strong> from the FAUNA AND FLORA OF SLOVAKIA edition featuring the Western Capercaillie (Tetrao urogallus) \u2013 one of the rarest and largest forest game birds in Europe. It combines a commemorative coin (5\u202fEUR) and a Slovak stamp (1.70\u202fEUR).<\/span><\/p>\n<p>\ud83c\uddf8\ud83c\uddf0\ud83d\udce6 <strong>N\u00e1klad iba 300 \u010d\u00edslovan\u00fdch kusov<\/strong> (0000001-0000300), z toho \u010das\u0165 dostupn\u00e1 aj v kompletnom albume. Vysok\u00e1 zberate\u013esk\u00e1 a\u202finvesti\u010dn\u00e1 hodnota \u2013 ka\u017ed\u00fd kus je dod\u00e1van\u00fd v ochrannom balen\u00ed.<br \/>\n<span style=\"color: #999999;\">\ud83c\uddec\ud83c\udde7\ud83d\udce6 <strong>Edition limited to 300 numbered pieces<\/strong> (001\u2013300), part of which is available also in a complete collector\u2019s album. High collector and investment value \u2013 each piece comes in protective packaging.<\/span><\/p>\n<p>\ud83d\udcb6 <strong>Nomin\u00e1lna hodnota mince \/ <\/strong><span style=\"color: #999999;\">Nominal value of the coin<\/span>: 5 EUR<br \/>\n\ud83d\udcec <strong>Zn\u00e1mka \/ <\/strong><span style=\"color: #999999;\">Stamp<\/span>: 1,70 EUR<br \/>\n\ud83c\udfa8 <strong>Autor mince \/ <\/strong><span style=\"color: #999999;\">Coin author<\/span>: Tom\u00e1\u0161 Lama\u010d, DiS.<br \/>\n\ud83c\udfa8 <strong>Autor zn\u00e1mky \/ <\/strong><span style=\"color: #999999;\">Stamp author<\/span>: akad. mal. Kamila \u0160tanclov\u00e1<br \/>\n\ud83d\udcca <strong>N\u00e1klad \/ <\/strong><span style=\"color: #999999;\">Edition<\/span>:\u00a0300 kusov (\u010d\u00edslovan\u00e9) \/ <span style=\"color: #999999;\">300 pcs (numbered)<\/span><br \/>\n\ud83d\udcc5 <strong>D\u00e1tum vydania \/ <\/strong><span style=\"color: #999999;\">Release date<\/span>: 8. okt\u00f3ber 2024 \/ <span style=\"color: #999999;\">October 8, 2024<\/span><br \/>\n\ud83e\ude99 <strong>Kvalita mince \/ <\/strong><span style=\"color: #999999;\">Coin quality<\/span>: UNC<\/p>\n<p>\ud83c\uddf8\ud83c\uddf0 <strong>Kvalita UNC<\/strong><br \/>\nN\u00e1zov kvality poch\u00e1dza z anglick\u00e9ho slova \u201euncirculated\u201c, \u010do znamen\u00e1 neobehov\u00fd. UNC kvalita euro minc\u00ed je najroz\u0161\u00edrenej\u0161ou kvalitou minc\u00ed. Tak\u00e1to minca sa raz\u00ed vo ve\u013ek\u00fdch mno\u017estv\u00e1ch a od obehovej kvality sa l\u00ed\u0161i len t\u00fdm, \u017ee sa do obehu nikdy nedostala a poch\u00e1dza priamo z banky. Jej hodnota je pochopite\u013ene vy\u0161\u0161ia ako hodnota obehovej mince. Pri manipul\u00e1cii je vhodn\u00e9 pou\u017e\u00edva\u0165 bavlnen\u00e9 rukavice, pinzetu a mince ma\u0165 ulo\u017een\u00e9 v kvalitnom albume ur\u010denom na dan\u00fd \u00fa\u010del.<\/p>\n<p><span style=\"color: #999999;\">\ud83c\uddec\ud83c\udde7 <strong>Quality UNC<\/strong><br \/>\nThe name of the quality comes from the English word \u201cuncirculated\u201d, which means non-circulating. UNC quality euro coins are the most common quality coins. Such a coin is minted in large quantities and differs from circulation quality only in that it has never entered circulation and comes directly from the bank. Its value is higher than the value of a circulation coin. When handling, it is advisable to use cotton gloves, tweezers, and keep the coin stored in a dedicated quality album.<\/span><\/p>\n","protected":false},"excerpt":{"rendered":"<p><strong>\ud83c\uddf8\ud83c\uddf0 Exkluz\u00edvna numizmatick\u00e1 ob\u00e1lka zo s\u00e9rie <em>Fauna a fl\u00f3ra Slovenska<\/em> \u2013 mot\u00edv Hluch\u00e1\u0148 h\u00f4rny v limitovanej ed\u00edcii len 300 \u010d\u00edslovan\u00fdch kusov. Vz\u00e1cny zberate\u013esk\u00fd k\u00fasok s investi\u010dn\u00fdm potenci\u00e1lom, ktor\u00fd zv\u00fdrazn\u00ed ka\u017ed\u00fa zbierku. | <\/strong><span style=\"color: #999999;\">\ud83c\uddec\ud83c\udde7 Exclusive numismatic envelope from the <em>Fauna and Flora of Slovakia<\/em> series \u2013 Western Capercaillie motif in a strictly limited edition of only 300 numbered pieces. A rare collectible with investment potential that will enrich any collection.<\/span><\/p>\n","protected":false},"featured_media":13358,"template":"","meta":{"_monsterinsights_skip_tracking":false,"_monsterinsights_sitenote_active":false,"_monsterinsights_sitenote_note":"","_monsterinsights_sitenote_category":0},"product_brand":[],"product_cat":[47,124,165],"product_tag":[158,167],"class_list":{"0":"post-13330","1":"product","2":"type-product","3":"status-publish","4":"has-post-thumbnail","6":"product_cat-coins","7":"product_cat-5-euro","8":"product_cat-envelope","9":"product_tag-158","10":"product_tag-wdoriginal","12":"first","13":"instock","14":"shipping-taxable","15":"purchasable","16":"product-type-simple"},"_links":{"self":[{"href":"https:\/\/www.wdshop.eu\/index.php\/wp-json\/wp\/v2\/product\/13330","targetHints":{"allow":["GET"]}}],"collection":[{"href":"https:\/\/www.wdshop.eu\/index.php\/wp-json\/wp\/v2\/product"}],"about":[{"href":"https:\/\/www.wdshop.eu\/index.php\/wp-json\/wp\/v2\/types\/product"}],"wp:featuredmedia":[{"embeddable":true,"href":"https:\/\/www.wdshop.eu\/index.php\/wp-json\/wp\/v2\/media\/13358"}],"wp:attachment":[{"href":"https:\/\/www.wdshop.eu\/index.php\/wp-json\/wp\/v2\/media?parent=13330"}],"wp:term":[{"taxonomy":"product_brand","embeddable":true,"href":"https:\/\/www.wdshop.eu\/index.php\/wp-json\/wp\/v2\/product_brand?post=13330"},{"taxonomy":"product_cat","embeddable":true,"href":"https:\/\/www.wdshop.eu\/index.php\/wp-json\/wp\/v2\/product_cat?post=13330"},{"taxonomy":"product_tag","embeddable":true,"href":"https:\/\/www.wdshop.eu\/index.php\/wp-json\/wp\/v2\/product_tag?post=13330"}],"curies":[{"name":"wp","href":"https:\/\/api.w.org\/{rel}","templated":true}]}}