{"id":6451,"date":"2023-06-01T10:28:44","date_gmt":"2023-06-01T08:28:44","guid":{"rendered":"https:\/\/www.wdshop.eu\/?post_type=product&#038;p=6451"},"modified":"2025-12-27T14:02:23","modified_gmt":"2025-12-27T13:02:23","slug":"gbww2023-1_e1","status":"publish","type":"product","link":"https:\/\/www.wdshop.eu\/index.php\/produkt\/gbww2023-1_e1\/","title":{"rendered":"<span style=\"color: #808080;\"><small>Pound Souvenir #WD016E1<\/small><\/span><br\/> <b>OTTO SMIK<\/b> \u2013 <strong style=\"color: #800080;\"><small>RELI\u00c9FNA PE\u010cIATKA\/EMBOSSED STAMP<\/small><\/strong> [2023]"},"content":{"rendered":"<p><strong>Pound Souvenir Slovensko\/<span style=\"color: #999999;\">Slovakia<\/span> | Ve\u013ek\u00e1 Brit\u00e1nia\/<span style=\"color: #999999;\">Great Britain<\/span> 2023 \u2013 OTTO SMIK \u2013 <span style=\"color: #ff0000;\">RELI\u00c9FNA PE\u010cIATKA\/EMBOSSED STAMP<\/span><br \/>\n<\/strong><\/p>\n<p><strong>Katal\u00f3gov\u00e9 \u010d\u00edslo | <\/strong><span style=\"color: #999999;\">Catalog number: <\/span>WD016<strong><span style=\"color: #ff0000;\">E1<\/span><\/strong><br \/>\n<strong>\u0160t\u00e1t | <\/strong><span style=\"color: #999999;\">Country<strong>:<\/strong> <\/span>Slovensko\/<span style=\"color: #999999;\">Slovakia<\/span> | Ve\u013ek\u00e1 Brit\u00e1nia\/<span style=\"color: #999999;\">Great Britain<\/span><br \/>\n<strong>S\u00e9ria, rok, variant |<\/strong> <span style=\"color: #999999;\">Series, year, version<strong>:<\/strong><\/span> GBWW 2023-1<br \/>\n<strong>N\u00e1klad | <\/strong><span style=\"color: #999999;\">Quantity<strong>:<\/strong> <\/span><strong><span style=\"color: #ff0000;\">n\u00e1hodne\/random<\/span><\/strong><br \/>\n<strong>\u010c\u00edslovanie | <\/strong><span style=\"color: #999999;\">Numbering:<\/span> 000001-003000<br \/>\n<strong>D\u00e1tum vydania | <\/strong><span style=\"color: #999999;\">Release date:<\/span> 02.06.2023<br \/>\n<strong>Kvalita | <\/strong><span style=\"color: #999999;\">Quality:<\/span> UNC<br \/>\n<strong>Rozmer |<\/strong><span style=\"color: #999999;\"> Size:<\/span> 135 x 74 mm<\/p>\n<p style=\"text-align: center;\"><span style=\"color: #999999;\"><strong><span style=\"color: #ff0000;\">Predmetom n\u00e1kupu je uveden\u00fd produkt s n\u00e1hodn\u00fdm s\u00e9riov\u00fdm \u010d\u00edslom. Obr\u00e1zok sl\u00fa\u017ei len na ilustr\u00e1ciu.<\/span><br \/>\n<\/strong>The subject of the purchase is the specified product with a random serial number. The image is for illustration purposes only.<\/span><\/p>\n","protected":false},"excerpt":{"rendered":"<h2 style=\"text-indent: 0; word-spacing: 1; line-height: 0%;\" align=\"left\"><span style=\"color: #000000; font-size: x-large;\"><strong>Reviews <\/strong><\/span><span style=\"color: #ffcc00;\"><strong>\u2605\u2605\u2605\u2605\u2605<\/strong><\/span><\/h2>\n<p style=\"text-indent: 0; word-spacing: 1; line-height: 0%;\" align=\"left\"><span style=\"color: #808080; font-size: large;\"><strong>Hodnotenie 100% <\/strong><\/span><span style=\"color: #0000ff; font-size: x-large;\"><strong>(5 out of 5 stars)<\/strong><\/span><\/p>\n","protected":false},"featured_media":14852,"template":"","meta":{"_monsterinsights_skip_tracking":false,"_monsterinsights_sitenote_active":false,"_monsterinsights_sitenote_note":"","_monsterinsights_sitenote_category":0},"product_brand":[],"product_cat":[15,171,43],"product_tag":[117,169],"class_list":{"0":"post-6451","1":"product","2":"type-product","3":"status-publish","4":"has-post-thumbnail","6":"product_cat-souvenir","7":"product_cat-souvenir-stamps","8":"product_cat-eurosouvenirwd","9":"product_tag-117","10":"product_tag-eurosouvenirwd","12":"first","13":"instock","14":"shipping-taxable","15":"purchasable","16":"product-type-simple"},"_links":{"self":[{"href":"https:\/\/www.wdshop.eu\/index.php\/wp-json\/wp\/v2\/product\/6451","targetHints":{"allow":["GET"]}}],"collection":[{"href":"https:\/\/www.wdshop.eu\/index.php\/wp-json\/wp\/v2\/product"}],"about":[{"href":"https:\/\/www.wdshop.eu\/index.php\/wp-json\/wp\/v2\/types\/product"}],"wp:featuredmedia":[{"embeddable":true,"href":"https:\/\/www.wdshop.eu\/index.php\/wp-json\/wp\/v2\/media\/14852"}],"wp:attachment":[{"href":"https:\/\/www.wdshop.eu\/index.php\/wp-json\/wp\/v2\/media?parent=6451"}],"wp:term":[{"taxonomy":"product_brand","embeddable":true,"href":"https:\/\/www.wdshop.eu\/index.php\/wp-json\/wp\/v2\/product_brand?post=6451"},{"taxonomy":"product_cat","embeddable":true,"href":"https:\/\/www.wdshop.eu\/index.php\/wp-json\/wp\/v2\/product_cat?post=6451"},{"taxonomy":"product_tag","embeddable":true,"href":"https:\/\/www.wdshop.eu\/index.php\/wp-json\/wp\/v2\/product_tag?post=6451"}],"curies":[{"name":"wp","href":"https:\/\/api.w.org\/{rel}","templated":true}]}}