{"id":6516,"date":"2023-06-13T13:40:49","date_gmt":"2023-06-13T11:40:49","guid":{"rendered":"https:\/\/www.wdshop.eu\/?post_type=product&#038;p=6516"},"modified":"2023-07-26T18:17:03","modified_gmt":"2023-07-26T16:17:03","slug":"2proof-monaco-22","status":"publish","type":"product","link":"https:\/\/www.wdshop.eu\/index.php\/produkt\/2proof-monaco-22\/","title":{"rendered":"2 EURO \u2013 Prince Albert I \u2013 <strong style=\"color: #ff0000;\">PROOF<\/strong> | Monako\/Monaco [2022]"},"content":{"rendered":"<p style=\"text-align: left;\"><strong>2 EURO \u2013\u00a0<\/strong><strong>Prince Albert I  \u2013 <span style=\"color: #ff0000;\">PROOF<\/span> | Monako\/Monaco 2023<br \/>\n<\/strong><\/p>\n<p style=\"text-align: left;\"><strong>Nomin\u00e1lna hodnota<\/strong> | <span style=\"color: #999999;\">Nominal value:<\/span> 2 EURO<strong><br \/>\n<\/strong><strong>Autor<\/strong> | <span style=\"color: #999999;\">Author:<\/span> &#8211;<br \/>\n<strong>N\u00e1klad | <\/strong><span style=\"color: #999999;\">Quantity<strong>:<\/strong><\/span> 15.000 kusov\/pieces<br \/>\n<strong>D\u00e1tum vydania<\/strong> | <span style=\"color: #999999;\">Release date:<\/span> 07.09.2022<br \/>\n<strong>Kvalita<\/strong> | <span style=\"color: #999999;\">Quality:<\/span> PROOF<br \/>\n<strong>Rozmer |<\/strong> <span style=\"color: #999999;\">Size:<\/span> 34,00 mm<\/p>\n<p><strong>Kvalita PROOF<\/strong><br \/>\nNajvy\u0161\u0161ia kvalita minc\u00ed. Ka\u017ed\u00fd pohyb mince a matrice je vykon\u00e1van\u00fd s obrovsk\u00fdm perfekcionizmom. Pr\u00e1ca na samotnej matrici je ove\u013ea n\u00e1ro\u010dnej\u0161ia z poh\u013eadu potreby vyry\u0165 hlb\u0161ie reli\u00e9fy z d\u00f4vodu \u010fal\u0161ieho dodato\u010dn\u00e9ho le\u0161tenia jemn\u00fdm pieskom oproti BU kvalite. Technologicky je proof kvalita mince razen\u00e1 celkovo a\u017e 6kr\u00e1t (striedan\u00edm silnej\u0161ieho a slab\u0161ieho tlaku lisu) a po ka\u017edom vyrazen\u00ed mince je potrebn\u00e9 matricu vy\u010disti\u0165 stla\u010den\u00fdm vzduchom.<\/p>\n<p><span style=\"color: #999999;\"><strong>Quality PROOF<\/strong><\/span><br \/>\n<span style=\"color: #999999;\">The highest quality coins. Every movement of the coin and the matrix is \u200b\u200bperformed with great perfectionism. Working on the die itself is much more demanding in terms of the need to engrave deeper reliefs due to additional post-polishing with fine sand compared to BU quality. Technologically, the proof quality of the coin is minted a total of up to 6 times (by alternating stronger and weaker press pressure) and after each coin stamping, the die must be cleaned with compressed air.<\/span><\/p>\n<p style=\"text-align: center;\"><span style=\"color: #999999;\"><strong><span style=\"color: #ff0000;\">Obr\u00e1zok je ilustra\u010dn\u00fd. Produkt obsahuje certifik\u00e1t!<\/span><br \/>\nThe image is illustrative. The product contain a certificate!<\/strong><\/span><\/p>\n","protected":false},"excerpt":{"rendered":"<p>2 EURO \u2013\u00a0Prince Albert I \u2013 PROOF | Monako\/Monaco 2023 Nomin\u00e1lna hodnota | Nominal value: 2 EURO Autor | Author: &#8211; N\u00e1klad | Quantity: 15.000 kusov\/pieces D\u00e1tum vydania | Release date: 07.09.2022 Kvalita | Quality: PROOF Rozmer | Size: 34,00 mm Kvalita PROOF Najvy\u0161\u0161ia kvalita minc\u00ed. Ka\u017ed\u00fd pohyb mince a matrice je vykon\u00e1van\u00fd s obrovsk\u00fdm [&hellip;]<\/p>\n","protected":false},"featured_media":6517,"template":"","meta":{"_monsterinsights_skip_tracking":false,"_monsterinsights_sitenote_active":false,"_monsterinsights_sitenote_note":"","_monsterinsights_sitenote_category":0},"product_brand":[],"product_cat":[47],"product_tag":[117],"class_list":{"0":"post-6516","1":"product","2":"type-product","3":"status-publish","4":"has-post-thumbnail","6":"product_cat-coins","7":"product_tag-117","9":"first","10":"instock","11":"shipping-taxable","12":"purchasable","13":"product-type-simple"},"_links":{"self":[{"href":"https:\/\/www.wdshop.eu\/index.php\/wp-json\/wp\/v2\/product\/6516","targetHints":{"allow":["GET"]}}],"collection":[{"href":"https:\/\/www.wdshop.eu\/index.php\/wp-json\/wp\/v2\/product"}],"about":[{"href":"https:\/\/www.wdshop.eu\/index.php\/wp-json\/wp\/v2\/types\/product"}],"wp:featuredmedia":[{"embeddable":true,"href":"https:\/\/www.wdshop.eu\/index.php\/wp-json\/wp\/v2\/media\/6517"}],"wp:attachment":[{"href":"https:\/\/www.wdshop.eu\/index.php\/wp-json\/wp\/v2\/media?parent=6516"}],"wp:term":[{"taxonomy":"product_brand","embeddable":true,"href":"https:\/\/www.wdshop.eu\/index.php\/wp-json\/wp\/v2\/product_brand?post=6516"},{"taxonomy":"product_cat","embeddable":true,"href":"https:\/\/www.wdshop.eu\/index.php\/wp-json\/wp\/v2\/product_cat?post=6516"},{"taxonomy":"product_tag","embeddable":true,"href":"https:\/\/www.wdshop.eu\/index.php\/wp-json\/wp\/v2\/product_tag?post=6516"}],"curies":[{"name":"wp","href":"https:\/\/api.w.org\/{rel}","templated":true}]}}