{"id":8216,"date":"2023-06-01T10:12:28","date_gmt":"2023-06-01T08:12:28","guid":{"rendered":"https:\/\/www.wdshop.eu\/?post_type=product&#038;p=8216"},"modified":"2025-12-26T20:34:47","modified_gmt":"2025-12-26T19:34:47","slug":"special-005","status":"publish","type":"product","link":"https:\/\/www.wdshop.eu\/index.php\/produkt\/special-005\/","title":{"rendered":"<span style=\"color: #808080;\"><small>Euro Souvenir <span style=\"color: #ff0000;\"><b>SPECIAL OFFER<\/b><\/small><\/span><br\/> <b>MICHAEL STRANK<\/b> \u2013 <strong style=\"color: #800080;\"><small>CHYBOTLA\u010c\/MISSPRINT<\/small><\/strong> [2023]"},"content":{"rendered":"<p><strong>0 Euro Souvenir Slovensko\/Slovakia 2023 \u2013 MICHAEL STRANK \u2013<span style=\"color: #ff0000;\"> PR\u00cdTLA\u010c\/IMPRINT<\/span><\/strong><\/p>\n<p style=\"text-align: center;\"><span style=\"color: #ff0000;\"><strong>Iba 1 existuj\u00faci exempl\u00e1r &#8211; chybotla\u010d (pe\u010diatka na zadnej strane v ofici\u00e1lnej \u010d\u00edselnej rade), tento exempl\u00e1r obsahuje \u010d\u00edslo 002829.<br \/>\n<\/strong><span style=\"color: #999999;\">Only 1 extant copy &#8211; misprint (stamp on back in the official number line), this copy contains the number 002829.<\/span><br \/>\n<\/span><\/p>\n<p style=\"text-align: center;\"><span style=\"color: #999999;\"><strong><span style=\"color: #ff0000;\">Predmetom n\u00e1kupu je uveden\u00fd produkt s n\u00e1hodn\u00fdm s\u00e9riov\u00fdm \u010d\u00edslom. Obr\u00e1zok sl\u00fa\u017ei len na ilustr\u00e1ciu.<\/span><br \/>\n<\/strong>The subject of the purchase is the specified product with a random serial number. The image is for illustration purposes only.<\/span><\/p>\n","protected":false},"excerpt":{"rendered":"<h2 style=\"text-indent: 0; word-spacing: 1; line-height: 0%;\" align=\"left\"><span style=\"color: #000000; font-size: x-large;\"><strong>Reviews<\/strong><\/span><span style=\"color: #ffcc00;\"><strong> \u2605\u2605\u2605\u2605\u2605<\/strong><\/span><\/h2>\n<p style=\"text-indent: 0; word-spacing: 1; line-height: 0%;\" align=\"left\"><span style=\"color: #808080; font-size: large;\"><strong>Hodnotenie 100% <\/strong><\/span><span style=\"color: #0000ff; font-size: x-large;\"><strong>(5 out of 5 stars)<\/strong><\/span><\/p>\n","protected":false},"featured_media":14916,"template":"","meta":{"_monsterinsights_skip_tracking":false,"_monsterinsights_sitenote_active":false,"_monsterinsights_sitenote_note":"","_monsterinsights_sitenote_category":0},"product_brand":[],"product_cat":[159,15,170,173,43],"product_tag":[117,169],"class_list":{"0":"post-8216","1":"product","2":"type-product","3":"status-publish","4":"has-post-thumbnail","6":"product_cat-special","7":"product_cat-souvenir","8":"product_cat-pritlace-imprints","9":"product_cat-souvenir-premium","10":"product_cat-eurosouvenirwd","11":"product_tag-117","12":"product_tag-eurosouvenirwd","14":"first","15":"instock","16":"shipping-taxable","17":"purchasable","18":"product-type-simple"},"_links":{"self":[{"href":"https:\/\/www.wdshop.eu\/index.php\/wp-json\/wp\/v2\/product\/8216","targetHints":{"allow":["GET"]}}],"collection":[{"href":"https:\/\/www.wdshop.eu\/index.php\/wp-json\/wp\/v2\/product"}],"about":[{"href":"https:\/\/www.wdshop.eu\/index.php\/wp-json\/wp\/v2\/types\/product"}],"wp:featuredmedia":[{"embeddable":true,"href":"https:\/\/www.wdshop.eu\/index.php\/wp-json\/wp\/v2\/media\/14916"}],"wp:attachment":[{"href":"https:\/\/www.wdshop.eu\/index.php\/wp-json\/wp\/v2\/media?parent=8216"}],"wp:term":[{"taxonomy":"product_brand","embeddable":true,"href":"https:\/\/www.wdshop.eu\/index.php\/wp-json\/wp\/v2\/product_brand?post=8216"},{"taxonomy":"product_cat","embeddable":true,"href":"https:\/\/www.wdshop.eu\/index.php\/wp-json\/wp\/v2\/product_cat?post=8216"},{"taxonomy":"product_tag","embeddable":true,"href":"https:\/\/www.wdshop.eu\/index.php\/wp-json\/wp\/v2\/product_tag?post=8216"}],"curies":[{"name":"wp","href":"https:\/\/api.w.org\/{rel}","templated":true}]}}